{"id":651,"date":"2026-01-04T19:20:18","date_gmt":"2026-01-04T18:20:18","guid":{"rendered":"https:\/\/charleslenay.com\/?page_id=651"},"modified":"2026-01-05T14:08:52","modified_gmt":"2026-01-05T13:08:52","slug":"darwin-v-ethique-et-epistemologie","status":"publish","type":"page","link":"https:\/\/charleslenay.com\/index.php\/darwin-v-ethique-et-epistemologie\/","title":{"rendered":"Darwin : V. \u00c9thique et \u00e9pist\u00e9mologie"},"content":{"rendered":"\n<p><strong>Lenay<\/strong>, C. <em>Darwin<\/em>. Figures du savoir. Paris: Belles Lettres, 1999.<\/p>\n\n\n\n<p>Chapitre V.<\/p>\n\n\n\n<div data-wp-interactive=\"core\/file\" class=\"wp-block-file\"><object data-wp-bind--hidden=\"!state.hasPdfPreview\" hidden class=\"wp-block-file__embed\" data=\"https:\/\/charleslenay.com\/wp-content\/uploads\/2026\/01\/7-Ethique-c2.pdf\" type=\"application\/pdf\" style=\"width:100%;height:600px\" aria-label=\"Contenu embarqu\u00e9 7 Ethique-c2.\"><\/object><a id=\"wp-block-file--media-c849ff3e-6baf-44f0-9f51-872f03fe1f9d\" href=\"https:\/\/charleslenay.com\/wp-content\/uploads\/2026\/01\/7-Ethique-c2.pdf\">7 Ethique-c2<\/a><a href=\"https:\/\/charleslenay.com\/wp-content\/uploads\/2026\/01\/7-Ethique-c2.pdf\" class=\"wp-block-file__button wp-element-button\" download aria-describedby=\"wp-block-file--media-c849ff3e-6baf-44f0-9f51-872f03fe1f9d\">T\u00e9l\u00e9charger<\/a><\/div>\n","protected":false},"excerpt":{"rendered":"<p>Lenay, C. Darwin. Figures du savoir. Paris: Belles Lettres, 1999. Chapitre V.<\/p>\n","protected":false},"author":1,"featured_media":0,"parent":0,"menu_order":0,"comment_status":"closed","ping_status":"closed","template":"","meta":{"footnotes":""},"class_list":["post-651","page","type-page","status-publish","hentry"],"_links":{"self":[{"href":"https:\/\/charleslenay.com\/index.php\/wp-json\/wp\/v2\/pages\/651","targetHints":{"allow":["GET"]}}],"collection":[{"href":"https:\/\/charleslenay.com\/index.php\/wp-json\/wp\/v2\/pages"}],"about":[{"href":"https:\/\/charleslenay.com\/index.php\/wp-json\/wp\/v2\/types\/page"}],"author":[{"embeddable":true,"href":"https:\/\/charleslenay.com\/index.php\/wp-json\/wp\/v2\/users\/1"}],"replies":[{"embeddable":true,"href":"https:\/\/charleslenay.com\/index.php\/wp-json\/wp\/v2\/comments?post=651"}],"version-history":[{"count":2,"href":"https:\/\/charleslenay.com\/index.php\/wp-json\/wp\/v2\/pages\/651\/revisions"}],"predecessor-version":[{"id":665,"href":"https:\/\/charleslenay.com\/index.php\/wp-json\/wp\/v2\/pages\/651\/revisions\/665"}],"wp:attachment":[{"href":"https:\/\/charleslenay.com\/index.php\/wp-json\/wp\/v2\/media?parent=651"}],"curies":[{"name":"wp","href":"https:\/\/api.w.org\/{rel}","templated":true}]}}