{"id":50,"date":"2025-11-09T23:20:52","date_gmt":"2025-11-09T22:20:52","guid":{"rendered":"https:\/\/charleslenay.com\/?page_id=50"},"modified":"2026-04-15T01:53:10","modified_gmt":"2026-04-14T23:53:10","slug":"histoire-des-sciences-biologiques","status":"publish","type":"page","link":"https:\/\/charleslenay.com\/index.php\/histoire-des-sciences-biologiques\/","title":{"rendered":"Histoire des sciences biologiques"},"content":{"rendered":"\n<p><\/p>\n\n\n\n<ul class=\"wp-block-list\">\n<li>1989 &#8211; <a href=\"https:\/\/charleslenay.com\/index.php\/la-notion-de-hasard-en-biologie\/\">Lenay, C. <em>Enqu\u00eate sur le hasard dans les grandes th\u00e9ories biologiques de la deuxi\u00e8me moiti\u00e9 du XIXe si\u00e8cle<\/em>. PhD Thesis, Paris Panth\u00e9on-Sorbonne, 1989<\/a><\/li>\n\n\n\n<li>1993 &#8211; <a href=\"https:\/\/charleslenay.com\/index.php\/caracteres-adaptatifs-et-representations-symboliques\/\">Lenay, C. \u00ab&nbsp;Caract\u00e8res adaptatifs et repr\u00e9sentations symboliques&nbsp;\u00bb. <em>Intellectica<\/em> 16 (1993): 209\u201157<\/a><\/li>\n\n\n\n<li>1994 &#8211; <a href=\"https:\/\/charleslenay.com\/index.php\/francis-galton-inne-et-acquis-chez-les-grands-hommes-de-la-societe-royale-de-londres\/\">Lenay, C. \u00ab&nbsp;Francis Galton: inn\u00e9 et acquis chez les grands hommes de la Soci\u00e9t\u00e9 Royale de Londres&nbsp;\u00bb. <em>Bulletins et M\u00e9moires de la Soci\u00e9t\u00e9 d\u2019anthropologie de Paris<\/em> 6, n<sup>o<\/sup> 1 (1994): 135\u201150<\/a><\/li>\n\n\n\n<li>1995 &#8211; <a href=\"https:\/\/charleslenay.com\/index.php\/prehistoire-de-la-genetique-hugo-de-vries-et-lidee-dindependance-des-caracteres\/\" data-type=\"page\" data-id=\"789\">Lenay, C. \u00ab\u00a0Pr\u00e9histoire de la g\u00e9n\u00e9tique\u202f: Hugo de Vries et l\u2019id\u00e9e d\u2019ind\u00e9pendance des caract\u00e8res\u00a0\u00bb. In <em>Nature, Histoire, Soci\u00e9t\u00e9. Essais en Hommage \u00e0 Jacques Roger<\/em>, C. Blanckaert, J.-L. Fisher. \u00c9ditions Klincksieck, (1995): 133-145<\/a><\/li>\n\n\n\n<li>1996 &#8211; <a href=\"https:\/\/charleslenay.com\/index.php\/mental-symbols-and-genetic-symbols\/\">Lenay, C. \u00ab&nbsp;Mental symbols and genetic symbols: Analogies between theoretical perspectives in biology and cognitive science&nbsp;\u00bb. <em>Behavioural Processes<\/em> 35, n<sup>os<\/sup> 1\u20113 (1995): 251\u201161<\/a><\/li>\n\n\n\n<li>1997 &#8211; <a href=\"https:\/\/charleslenay.com\/index.php\/yves-delage-evolution-et-heredite-dun-point-de-vue-neo-lamarckien\/\">Lenay, C. \u00ab&nbsp;Yves Delage: \u00e9volution et h\u00e9r\u00e9dit\u00e9 d\u2019un point de vue n\u00e9o-lamarckien&nbsp;\u00bb. In <em>Jean-Baptiste Lamarck 1744-1829<\/em>, G. Laurent. Editions du CTHS, 1997<\/a><\/li>\n\n\n\n<li>1999 &#8211; <a href=\"https:\/\/charleslenay.com\/index.php\/darwin-scheme-de-la-selection-naturelle\/\">Lenay, C. <em>Darwin<\/em>. Figures du savoir. Belles Lettres, 1999<\/a><\/li>\n\n\n\n<li>2000 &#8211; <a href=\"https:\/\/charleslenay.com\/index.php\/hugo-de-vries-from-the-theory-of-intracellular-pangenesis-to-the-rediscovery-of-mendel\/\">Lenay, C. \u00ab&nbsp;Hugo De Vries: from the theory of intracellular pangenesis to the rediscovery of Mendel&nbsp;\u00bb. <em>Comptes Rendus de l\u2019Acad\u00e9mie des Sciences-Series III-Sciences de la Vie<\/em> 323, n<sup>o<\/sup> 12 (2000): 1053\u201160<\/a><\/li>\n\n\n\n<li>2003 &#8211; <a href=\"https:\/\/charleslenay.com\/index.php\/les-limites-naturelles-de-la-duree-de-vie-et-la-question-de-lheredite-de-lacquis\/\" data-type=\"page\" data-id=\"89\">Les limites naturelles de la dur\u00e9e de vie et la question de l\u2019h\u00e9r\u00e9dit\u00e9 de l\u2019acquis<\/a><\/li>\n\n\n\n<li>2007 &#8211; <a href=\"https:\/\/charleslenay.com\/index.php\/heredite-et-mort-la-question-de-lacquis\/\" data-type=\"page\" data-id=\"92\">H\u00e9r\u00e9dit\u00e9 et Mort: la question de l\u2019Acquis<\/a><\/li>\n<\/ul>\n\n\n\n<pre class=\"wp-block-preformatted\"><br>La question du possible s'impose \u00e0 deux niveaux en biologie.<br><br><span class=\"has-superb-addons-text-align-justify\">- D\u2019une part, le possible comme capacit\u00e9, puissance de faire, au niveau des relations entre l\u2019\u00eatre vivant et son environnement\u00a0: les caract\u00e8res sp\u00e9cifiques de son organisation d\u00e9finissent son mode d\u2019existence, c\u2019est-\u00e0-dire le champ de ses possibilit\u00e9s d\u2019agir et de sentir dans un monde propre (Umwelt).<\/span><br><span class=\"has-superb-addons-text-align-justify\">- D\u2019autre part, le possible comme multiplicit\u00e9 des modes d\u2019existence possibles dans l\u2019extraordinaire diversit\u00e9 des esp\u00e8ces actuelles ou disparues. Les th\u00e9ories de l\u2019\u00e9volution doivent rendre compte de cette diversit\u00e9\u00a0: dans les phylums de transformation et diff\u00e9renciation des esp\u00e8ces, des possibles ont disparus, d\u2019autres auraient pu \u00eatre explor\u00e9s, d\u2019autres chemins auraient \u00e9t\u00e9 possibles.<br><br>Or, la notion de hasard est omnipr\u00e9sente en biologie th\u00e9orique au c\u0153ur des explications de l\u2019\u00e9volution et de l\u2019h\u00e9r\u00e9dit\u00e9. Cet emploi du hasard \u00e0 l'int\u00e9rieur des explications scientifiques m'est apparu comme le signe que la question du possible \u00e9tait l'objet m\u00eame de la recherche. Plut\u00f4t que de d\u00e9terminer des ph\u00e9nom\u00e8nes, il s'agit de comprendre comment peut se d\u00e9ployer une multiplicit\u00e9 de possibles, multiplicit\u00e9 des esp\u00e8ces, des vari\u00e9t\u00e9s, et de leurs modes d'existences. J'ai donc consacr\u00e9 <span class=\"has-superb-addons-text-align-justify\">ma <a href=\"https:\/\/charleslenay.com\/index.php\/la-notion-de-hasard-en-biologie\/\" data-type=\"page\" data-id=\"62\">th\u00e8se d\u2019histoire de la biologie<\/a><\/span> \u00e0 l'\u00e9tude de l\u2019origine et du sens de cette notion de hasard, aussi bien dans l\u2019explication des ph\u00e9nom\u00e8nes naturels que dans la description des relations entre les connaissances ou ignorances des naturalistes et leurs objets th\u00e9oriques. L\u2019objectif \u00e9tait de comprendre ce qui amenait les auteurs \u00e0 introduire cette notion dans leurs th\u00e9ories de la transformation des esp\u00e8ces (Darwin, Naudin, Haeckel, Huxley,... jusque Monod) et de l\u2019h\u00e9r\u00e9dit\u00e9 (Darwin, Galton, Weismann, Hugo de Vries, Mendel,... jusque Watson et Crick).<br><br>Le sch\u00e8me explicatif de la <a href=\"https:\/\/charleslenay.com\/index.php\/darwin-scheme-de-la-selection-naturelle\/\" data-type=\"page\" data-id=\"538\">s\u00e9lection naturelle<\/a>, apportait une nouvelle conception historique des possibles dans l\u2019adaptation et de la sp\u00e9ciation, et posait des difficult\u00e9s th\u00e9oriques fondamentale pour <a href=\"https:\/\/charleslenay.com\/index.php\/la-question-de-lheredite-histoire-dune-coupure-dans-la-causalite\/\" data-type=\"page\" data-id=\"544\">l\u2019\u00e9tude de l\u2019h\u00e9r\u00e9dit\u00e9.<\/a><br>La m\u00e9thode historique, et le sujet m\u00eame du hasard for\u00e7ait une attention particuli\u00e8re \u00e0 la question de l\u2019ignorance situ\u00e9e c\u2019est-\u00e0-dire ce qui <span class=\"has-superb-addons-text-align-justify\">\u00e0 chaque \u00e9poque<\/span> \u00e9tait reconnu <span class=\"has-superb-addons-text-align-justify\">pour les auteurs <\/span>comme inconnu. A l\u2019oppos\u00e9 d\u2019une approche r\u00e9currente qui partirait des connaissances actuelles pour relever les obstacles \u00e9pist\u00e9mologiques de l\u2019histoire pass\u00e9e, j\u2019ai cherch\u00e9, autant que possible \u00e0 prendre l\u2019histoire dans le sens chronologique, c'est-\u00e0-dire travailler \u00e0 partir de la fa\u00e7on dont les auteurs d\u00e9finissaient leurs ignorances et connaissances, les probl\u00e8mes qu\u2019ils jugeaient importants et comment l\u2019ignorance qu\u2019ils se reconnaissaient alors avait guid\u00e9 leur recherche et la construction de leurs th\u00e9ories.<\/span><br><br><span class=\"has-superb-addons-text-align-justify\">La construction th\u00e9orique en biologie emprunte souvent \u00e0 des mod\u00e8les technologiques (ce que l\u2019on retrouve invers\u00e9 dans le biomim\u00e9tisme en conception technologique). Ce r\u00f4le de la m\u00e9taphore technique \u00e9claire les similitudes entre les sch\u00e8mes explicatifs de la biologie et ceux de la psychologie.<\/span><\/pre>\n\n\n\n<pre class=\"wp-block-preformatted\"><\/pre>\n\n\n\n<p><\/p>\n\n\n\n<ul class=\"wp-block-list\">\n<li><strong>Darwin &#8211; <\/strong><a href=\"https:\/\/charleslenay.com\/?page_id=538\" data-type=\"page\" data-id=\"538\">Sch\u00e8me de la s\u00e9lection naturelle<\/a><strong> <\/strong><\/li>\n\n\n\n<li><strong>La question de l&rsquo;h\u00e9r\u00e9dit\u00e9 &#8211; Histoire d&rsquo;une coupure dans la causalit\u00e9 <\/strong><\/li>\n\n\n\n<li><strong>Biologie statistique &#8211; le point de vue de la sommation<\/strong><\/li>\n<\/ul>\n\n\n\n<pre class=\"wp-block-preformatted\"><\/pre>\n\n\n\n<pre class=\"wp-block-preformatted\"><\/pre>\n\n\n\n<p><\/p>\n","protected":false},"excerpt":{"rendered":"<p>La question du possible s&rsquo;impose \u00e0 deux niveaux en biologie.- D\u2019une part, le possible comme capacit\u00e9, puissance de faire, au niveau des relations entre l\u2019\u00eatre vivant et son environnement\u00a0: les caract\u00e8res sp\u00e9cifiques de son organisation d\u00e9finissent son mode d\u2019existence, c\u2019est-\u00e0-dire le champ de ses possibilit\u00e9s d\u2019agir et de sentir dans un monde propre (Umwelt).- D\u2019autre [&hellip;]<\/p>\n","protected":false},"author":1,"featured_media":0,"parent":0,"menu_order":0,"comment_status":"closed","ping_status":"closed","template":"","meta":{"footnotes":""},"class_list":["post-50","page","type-page","status-publish","hentry"],"_links":{"self":[{"href":"https:\/\/charleslenay.com\/index.php\/wp-json\/wp\/v2\/pages\/50","targetHints":{"allow":["GET"]}}],"collection":[{"href":"https:\/\/charleslenay.com\/index.php\/wp-json\/wp\/v2\/pages"}],"about":[{"href":"https:\/\/charleslenay.com\/index.php\/wp-json\/wp\/v2\/types\/page"}],"author":[{"embeddable":true,"href":"https:\/\/charleslenay.com\/index.php\/wp-json\/wp\/v2\/users\/1"}],"replies":[{"embeddable":true,"href":"https:\/\/charleslenay.com\/index.php\/wp-json\/wp\/v2\/comments?post=50"}],"version-history":[{"count":37,"href":"https:\/\/charleslenay.com\/index.php\/wp-json\/wp\/v2\/pages\/50\/revisions"}],"predecessor-version":[{"id":792,"href":"https:\/\/charleslenay.com\/index.php\/wp-json\/wp\/v2\/pages\/50\/revisions\/792"}],"wp:attachment":[{"href":"https:\/\/charleslenay.com\/index.php\/wp-json\/wp\/v2\/media?parent=50"}],"curies":[{"name":"wp","href":"https:\/\/api.w.org\/{rel}","templated":true}]}}