{"id":264,"date":"2025-11-11T03:29:30","date_gmt":"2025-11-11T02:29:30","guid":{"rendered":"https:\/\/charleslenay.com\/?page_id=264"},"modified":"2026-04-14T16:00:25","modified_gmt":"2026-04-14T14:00:25","slug":"reconnaissance-de-formes-tactos","status":"publish","type":"page","link":"https:\/\/charleslenay.com\/index.php\/reconnaissance-de-formes-tactos\/","title":{"rendered":"Reconnaissance de formes &#8211; Tactos"},"content":{"rendered":"\n<p><\/p>\n\n\n\n<ul class=\"wp-block-list\">\n<li>1999 &#8211; <a href=\"https:\/\/charleslenay.com\/index.php\/dynamics-of-shape-recognition\/\">Hanneton S., Gapenne O., Genouel C., <strong>Lenay <\/strong>C., Marque C., Dynamics of Shape Recognition Through a Minimal Visuo-Tactile Sensory Substitution Interface, Third Int. Conf. On Cognitive and Neural Systems, Mai 1999, Boston, USA, pp. 26-29<\/a><\/li>\n\n\n\n<li>1999 &#8211; <a href=\"https:\/\/charleslenay.com\/index.php\/perception-et-couplage-sensori-moteur\/\"><strong>Lenay<\/strong>, C., O. Gapenne, S. Hanneton, et J. Stewart. \u00ab\u00a0Perception et couplage sensori-moteur\u202f: exp\u00e9riences et discussion \u00e9pist\u00e9mologique\u00a0\u00bb. In <em>Intelligence Artificielle Situ\u00e9e 99<\/em>, A.Drogoul et J.A.Meyer (Eds.), Paris: Herm\u00e8s, 1999: 71\u201186<\/a><\/li>\n\n\n\n<li>2002 &#8211; <a href=\"https:\/\/charleslenay.com\/wp-content\/uploads\/2025\/11\/2002-Braille-Box-Analysis.pdf\">Sribunruangrit, N., C. Marque, C. <strong>Lenay<\/strong>, O. Gapenne, et C. Vanhoutte. \u00ab\u00a0Braille Box: analysis of the parallelism concept to access graphic information for blind people\u00a0\u00bb. <em>Engineering in Medicine and Biology, 2002.<\/em> 3 (2002): 2424\u201125<\/a><\/li>\n\n\n\n<li>2003 &#8211; <a href=\"https:\/\/charleslenay.com\/wp-content\/uploads\/2025\/11\/2003-Sensory-substitution-limits.pdf\"><strong>Lenay<\/strong>, C., O. Gapenne, S. Hanneton, C. Marque, et C. Genou\u00eblle. \u00ab\u00a0Sensory substitution: Limits and perspectives\u00a0\u00bb. In <em>Touching for Knowing, Cognitive psychology of haptic manual perception<\/em>, \u00e9dit\u00e9 par Y. Hatwell, A. Streri, et E. Gentaz. John Benjamins Publishing Company, 2003<\/a><\/li>\n\n\n\n<li>2005 &#8211; Auvray, M., C. <strong>Lenay<\/strong>, K. O\u2019Regan, et J. Lef\u00e8vre. \u00ab\u00a0Suppl\u00e9ance perceptive, immersion et informations proprioceptives\u00a0\u00bb. <em>Arob@se<\/em>, 2005, 94\u2011113<\/li>\n\n\n\n<li>2005 &#8211; <a href=\"https:\/\/charleslenay.com\/index.php\/perception-in-numerical-and-corporeal-space-in-2d-haptic-virtual-world\/\">Ziat, M., O. Gapenne, C. <strong>Lenay<\/strong>, et J. Stewart. \u00ab\u00a0Perception in numerical and corporeal spaces in a 2D haptic virtual world\u00a0\u00bb. <em>2nd International Conference on Enactive Interfaces (ENACTIVE\u201905), Genova, Italy (November 17-18, 2005). 10p<\/em>, 2005<\/a><\/li>\n\n\n\n<li><a href=\"https:\/\/charleslenay.com\/index.php\/design-of-a-haptic-zoom\/\">2007 &#8211; Ziat, M., O. Gapenne, J. Stewart, C. <strong>Lenay<\/strong>, et J. Bausse. \u00ab\u00a0Design of a Haptic Zoom: levels and steps\u00a0\u00bb. <em>Second Joint EuroHaptics Conference and Symposium on Haptic Interfaces for Virtual Environment and Teleoperator Systems (WHC\u201907)<\/em>, 2007, 102\u20118<\/a><\/li>\n\n\n\n<li>2007 &#8211; <a href=\"https:\/\/charleslenay.com\/wp-content\/uploads\/2025\/11\/2007-Haptic-recognition-of-shapes-at-different-scales-A-comparison.pdf\">Ziat, M., O. Gapenne, J. Stewart, et C. Lenay. \u00ab\u00a0Haptic recognition of shapes at different scales: A comparison of two methods of interaction\u00a0\u00bb. <em>Interacting with Computers<\/em> 19, n<sup>o<\/sup> 1 (2007): 121\u201132<\/a><\/li>\n\n\n\n<li>2013 &#8211; <a href=\"https:\/\/charleslenay.com\/index.php\/designing-interactive-content-with-blind-users-for-a-perceptual-supplementation-system\/\">Tixier, M., C. <strong>Lenay<\/strong>, G. Le Bihan, O. Gapenne, et D. Aubert. \u00ab\u00a0Designing interactive content with blind users for a perceptual supplementation system\u00a0\u00bb. <em>Proceedings of the 7th International Conference on Tangible, Embedded and Embodied Interaction<\/em>, 2013, 229\u201136<\/a><\/li>\n\n\n\n<li>2018 &#8211; <a href=\"https:\/\/charleslenay.com\/index.php\/rethinking-the-accessibility-of-digital-content-with-perceptual-supplementation-system-through-the-lens-of-an-ethics-of-care\/\">Tixier, M., C. <strong>Lenay<\/strong>, G. Garibaldi, et D. Aubert. \u00ab\u00a0Rethinking the Accessibility of Digital Content with Perceptual Supplementation System through the Lens of an Ethics of Care\u00a0\u00bb. <em>Interaction Design and Architecture (s) Journal (IxD&amp;A)<\/em> 38 (2018): 140\u201154<\/a><\/li>\n\n\n\n<li>2018 &#8211; <a href=\"https:\/\/charleslenay.com\/wp-content\/uploads\/2025\/11\/2018-Designing-a-learning-environment-for-visually-impaired-Tixier.pdf\">Tixier, M., G. Garibaldi, C. <strong>Lenay<\/strong>, et D. Aubert. \u00ab\u00a0Designing a learning environment for visually impaired and blind persons in order to develop touch access to digital content\u00a0\u00bb. <em>Modelling, measurement and control C<\/em> 79, n<sup>o<\/sup> 4 (2018): 201\u20115<\/a><\/li>\n\n\n\n<li>2022 &#8211; <a href=\"https:\/\/charleslenay.com\/index.php\/a-first-approach-to-tactile-maps-and-web-contents-for-visually-impaired-and-blind-people-with-a-sensory-supplementation-system-tactos\/\">Roccamatisi, R., C. <strong>Lenay<\/strong>, D. Aubert, et T. Ollive. \u00ab\u00a0A first Approach to Tactile Maps and Web Contents for Visually Impaired and Blind People with a Sensory Supplementation System (Tactos)\u00a0\u00bb. <em>Cahiers COSTECH<\/em> 5 (janvier 2022)<\/a><\/li>\n\n\n\n<li>2026 &#8211; <a href=\"https:\/\/charleslenay.com\/index.php\/visual-to-auditory-sensory-substitution-with-passive-movements-in-a-double-participant-setup\/\">Akar, S., V. Beaucousin, L. Velin, C. <strong>Lenay<\/strong>, L. Deschamps, et V. Roy. \u00ab\u00a0Visual-to-Auditory Sensory Substitution with Passive Movements in a Double Participant Setup\u00a0\u00bb. <em>Quarterly Journal of Experimental Psychology<\/em> 79, n<sup>o<\/sup> 1 (2026): 226\u201136<\/a><\/li>\n<\/ul>\n\n\n\n<p><\/p>\n","protected":false},"excerpt":{"rendered":"","protected":false},"author":1,"featured_media":0,"parent":0,"menu_order":0,"comment_status":"closed","ping_status":"closed","template":"","meta":{"footnotes":""},"class_list":["post-264","page","type-page","status-publish","hentry"],"_links":{"self":[{"href":"https:\/\/charleslenay.com\/index.php\/wp-json\/wp\/v2\/pages\/264","targetHints":{"allow":["GET"]}}],"collection":[{"href":"https:\/\/charleslenay.com\/index.php\/wp-json\/wp\/v2\/pages"}],"about":[{"href":"https:\/\/charleslenay.com\/index.php\/wp-json\/wp\/v2\/types\/page"}],"author":[{"embeddable":true,"href":"https:\/\/charleslenay.com\/index.php\/wp-json\/wp\/v2\/users\/1"}],"replies":[{"embeddable":true,"href":"https:\/\/charleslenay.com\/index.php\/wp-json\/wp\/v2\/comments?post=264"}],"version-history":[{"count":4,"href":"https:\/\/charleslenay.com\/index.php\/wp-json\/wp\/v2\/pages\/264\/revisions"}],"predecessor-version":[{"id":767,"href":"https:\/\/charleslenay.com\/index.php\/wp-json\/wp\/v2\/pages\/264\/revisions\/767"}],"wp:attachment":[{"href":"https:\/\/charleslenay.com\/index.php\/wp-json\/wp\/v2\/media?parent=264"}],"curies":[{"name":"wp","href":"https:\/\/api.w.org\/{rel}","templated":true}]}}