{"id":23,"date":"2025-10-30T16:17:48","date_gmt":"2025-10-30T15:17:48","guid":{"rendered":"https:\/\/charleslenay.com\/?page_id=23"},"modified":"2025-11-10T15:59:44","modified_gmt":"2025-11-10T14:59:44","slug":"charles-lenay","status":"publish","type":"page","link":"https:\/\/charleslenay.com\/","title":{"rendered":"Charles Lenay"},"content":{"rendered":"\n<p>Universit\u00e9 de Technologie de Compi\u00e8gne, Unit\u00e9 de recherche COSTECH (Connaissance, Organisations et Syst\u00e8mes Techniques). Plateforme Suppl\u00e9ance Perceptive.<\/p>\n\n\n\n<p>Ce site pr\u00e9sente l&rsquo;ensemble de mes travaux en histoire des sciences, philosophie des techniques, Sciences cognitives et Technologie<\/p>\n\n\n\n<h3 class=\"wp-block-heading alignwide\"><a href=\"https:\/\/charleslenay.com\/index.php\/la-question-du-possible\/\">La naturalisation du possible<\/a><\/h3>\n\n\n\n<h3 class=\"wp-block-heading alignwide has-text-align-right\">Supplementary Material<\/h3>\n\n\n\n<div class=\"wp-block-group is-nowrap is-layout-flex wp-container-core-group-is-layout-f66f9956 wp-block-group-is-layout-flex\">\n<div class=\"wp-block-columns is-layout-flex wp-container-core-columns-is-layout-28f84493 wp-block-columns-is-layout-flex\">\n<div class=\"wp-block-column is-layout-flow wp-block-column-is-layout-flow\" style=\"flex-basis:66.66%\"><\/div>\n\n\n\n<div class=\"wp-block-column is-layout-flow wp-block-column-is-layout-flow\" style=\"flex-basis:33.33%\"><\/div>\n<\/div>\n<\/div>\n\n\n\n<blockquote class=\"wp-block-quote is-layout-flow wp-block-quote-is-layout-flow\">\n<p><\/p>\n<\/blockquote>\n\n\n\n<p><\/p>\n\n\n\n<div class=\"wp-block-columns is-layout-flex wp-container-core-columns-is-layout-28f84493 wp-block-columns-is-layout-flex\">\n<div class=\"wp-block-column is-layout-flow wp-block-column-is-layout-flow\" style=\"flex-basis:66.66%\"><\/div>\n\n\n\n<div class=\"wp-block-column is-layout-flow wp-block-column-is-layout-flow\" style=\"flex-basis:33.33%\"><\/div>\n<\/div>\n\n\n\n<p><\/p>\n\n\n\n<p><\/p>\n\n\n\n<div class=\"wp-block-query is-layout-flow wp-block-query-is-layout-flow\">\n<p><\/p>\n<\/div>\n\n\n\n<p><\/p>\n","protected":false},"excerpt":{"rendered":"<p>Universit\u00e9 de Technologie de Compi\u00e8gne, Unit\u00e9 de recherche COSTECH (Connaissance, Organisations et Syst\u00e8mes Techniques). Plateforme Suppl\u00e9ance Perceptive. Ce site pr\u00e9sente l&rsquo;ensemble de mes travaux en histoire des sciences, philosophie des techniques, Sciences cognitives et Technologie La naturalisation du possible Supplementary Material<\/p>\n","protected":false},"author":1,"featured_media":0,"parent":0,"menu_order":0,"comment_status":"closed","ping_status":"closed","template":"","meta":{"footnotes":""},"class_list":["post-23","page","type-page","status-publish","hentry"],"_links":{"self":[{"href":"https:\/\/charleslenay.com\/index.php\/wp-json\/wp\/v2\/pages\/23","targetHints":{"allow":["GET"]}}],"collection":[{"href":"https:\/\/charleslenay.com\/index.php\/wp-json\/wp\/v2\/pages"}],"about":[{"href":"https:\/\/charleslenay.com\/index.php\/wp-json\/wp\/v2\/types\/page"}],"author":[{"embeddable":true,"href":"https:\/\/charleslenay.com\/index.php\/wp-json\/wp\/v2\/users\/1"}],"replies":[{"embeddable":true,"href":"https:\/\/charleslenay.com\/index.php\/wp-json\/wp\/v2\/comments?post=23"}],"version-history":[{"count":26,"href":"https:\/\/charleslenay.com\/index.php\/wp-json\/wp\/v2\/pages\/23\/revisions"}],"predecessor-version":[{"id":182,"href":"https:\/\/charleslenay.com\/index.php\/wp-json\/wp\/v2\/pages\/23\/revisions\/182"}],"wp:attachment":[{"href":"https:\/\/charleslenay.com\/index.php\/wp-json\/wp\/v2\/media?parent=23"}],"curies":[{"name":"wp","href":"https:\/\/api.w.org\/{rel}","templated":true}]}}