{"id":108,"date":"2025-11-10T01:03:55","date_gmt":"2025-11-10T00:03:55","guid":{"rendered":"https:\/\/charleslenay.com\/?page_id=108"},"modified":"2025-11-10T01:03:55","modified_gmt":"2025-11-10T00:03:55","slug":"les-representations-memoire-externe-et-objets-techniques","status":"publish","type":"page","link":"https:\/\/charleslenay.com\/index.php\/les-representations-memoire-externe-et-objets-techniques\/","title":{"rendered":"Les repr\u00e9sentations : m\u00e9moire externe et objets techniques"},"content":{"rendered":"\n<div data-wp-interactive=\"core\/file\" class=\"wp-block-file\"><object data-wp-bind--hidden=\"!state.hasPdfPreview\" hidden class=\"wp-block-file__embed\" data=\"https:\/\/charleslenay.com\/wp-content\/uploads\/2025\/11\/2002-Les-representations-memoire-externe-et-objets-techniques.pdf\" type=\"application\/pdf\" style=\"width:100%;height:600px\" aria-label=\"Contenu embarqu\u00e9 2002-Les repr\u00e9sentations  m\u00e9moire externe et objets techniques.\"><\/object><a id=\"wp-block-file--media-b3bc57a4-bdae-4821-bcf7-bc6b93a19300\" href=\"https:\/\/charleslenay.com\/wp-content\/uploads\/2025\/11\/2002-Les-representations-memoire-externe-et-objets-techniques.pdf\">2002-Les repr\u00e9sentations  m\u00e9moire externe et objets techniques<\/a><a href=\"https:\/\/charleslenay.com\/wp-content\/uploads\/2025\/11\/2002-Les-representations-memoire-externe-et-objets-techniques.pdf\" class=\"wp-block-file__button wp-element-button\" download aria-describedby=\"wp-block-file--media-b3bc57a4-bdae-4821-bcf7-bc6b93a19300\">T\u00e9l\u00e9charger<\/a><\/div>\n","protected":false},"excerpt":{"rendered":"","protected":false},"author":1,"featured_media":0,"parent":0,"menu_order":0,"comment_status":"closed","ping_status":"closed","template":"","meta":{"footnotes":""},"class_list":["post-108","page","type-page","status-publish","hentry"],"_links":{"self":[{"href":"https:\/\/charleslenay.com\/index.php\/wp-json\/wp\/v2\/pages\/108","targetHints":{"allow":["GET"]}}],"collection":[{"href":"https:\/\/charleslenay.com\/index.php\/wp-json\/wp\/v2\/pages"}],"about":[{"href":"https:\/\/charleslenay.com\/index.php\/wp-json\/wp\/v2\/types\/page"}],"author":[{"embeddable":true,"href":"https:\/\/charleslenay.com\/index.php\/wp-json\/wp\/v2\/users\/1"}],"replies":[{"embeddable":true,"href":"https:\/\/charleslenay.com\/index.php\/wp-json\/wp\/v2\/comments?post=108"}],"version-history":[{"count":1,"href":"https:\/\/charleslenay.com\/index.php\/wp-json\/wp\/v2\/pages\/108\/revisions"}],"predecessor-version":[{"id":110,"href":"https:\/\/charleslenay.com\/index.php\/wp-json\/wp\/v2\/pages\/108\/revisions\/110"}],"wp:attachment":[{"href":"https:\/\/charleslenay.com\/index.php\/wp-json\/wp\/v2\/media?parent=108"}],"curies":[{"name":"wp","href":"https:\/\/api.w.org\/{rel}","templated":true}]}}